7
Let s be 0 + (3 - 6) - -7. Let h be (-1*s)/(-2 + 0). Let g be ((-35)/(-28))/(h/(-8)). Let c(r) = -r**3 - 4*r**2 + 4*r + 4. Give c(g).
9
Let a(v) be the first derivative of -1/4*v**4 - 238 - 1/2*v**2 + 0*v**3 + v. What is a(1)?
-1
Let v(j) = j**3 - 38*j**2 - 36*j - 118. Suppose 3*c + l = 113, -2*l = 8*c - 10*c + 86. Calculate v(c).
-1
Let d(j) be the first derivative of -8*j**2 + 74*j - 89. What is d(4)?
10
Let a(c) = c**3 + 15*c**2 - 15*c - 1. Suppose 7*i = -74 + 207. Suppose 30*u = i*u - 176. Determine a(u).
-17
Let s(o) = -7*o + 4 + 0*o + 2*o - 23*o**2 - 24 - 8*o**3. Let q(r) = -3*r**3 - 8*r**2 - 2*r - 7. Let c(x) = -11*q(x) + 4*s(x). Give c(4).
5
Let s be (-26)/(-10) + 3/(-5). Suppose -s*c - c - 3 = a, 5*a - 41 = -c. Let k(d) = d - 6. Calculate k(a).
3
Let y(z) = 287624 - z**2 - 575240 + 287614. Let w = -1 + 1. Determine y(w).
-2
Suppose -2*z + 3*z = 35. Suppose z - 56 = -7*p. Suppose -4*b + p*q + 10 = 0, -3*q - 2*q = 3*b + 7. Let f(d) = d**3 - 2*d**2 + 1. Give f(b).
0
Suppose -4*d + 9*d + 25 = -5*w, -4*d = -4. Let x(c) = 3160*c**2 - 9*c + 6*c - 4*c + 3162*c**2 - 6323*c**2 - 1. Give x(w).
5
Let o = -25 - -32. Suppose 3*r - o*r = -20. Let l(v) be the third derivative of -v**4/24 - v**3/6 - 71*v**2. Determine l(r).
-6
Let q = 1010 + -584. Let y = q + -430. Let j(z) = -9*z - 5. What is j(y)?
31
Let h(u) be the third derivative of u**4/8 - 35*u**3/6 - 25*u**2 + 12*u + 4. Give h(7).
-14
Let j(f) be the first derivative of f**4/4 - 3*f**3 + 5*f**2 - f - 88. Suppose 5 + 37 = 6*s. Determine j(s).
-29
Let k(v) = 6*v - 299. Suppose 4478 + 3969 = 271*p - 4832. What is k(p)?
-5
Let i = 22 - 21. Let v(m) be the second derivative of 7*m**3/6 - m**2/2 + 1391*m. Determine v(i).
6
Let u(t) be the third derivative of 0*t + 1/2*t**3 + 0 + 1/6*t**4 - 208*t**2 + 1/10*t**5. Determine u(-2).
19
Let q be 312/(-9)*33/22. Let j = q + 43. Let i(r) = -r**3 - 10*r**2 - 11*r - 12. Give i(j).
6
Let j = 48057 + -48064. Let t(r) = -24*r - 174. Calculate t(j).
-6
Let u(g) = -3*g - 3. Let b(q) = q**2 + 13*q + 33. Let l be b(-3). Suppose 16 = -l*t + 19, 0 = -3*h - t - 8. Give u(h).
6
Let q be (-154)/(-33) + -2*(-1)/(-3). Let b = -34 - -37. Let d(c) = -6*c + 3 + b*c**2 - 4*c**2 + 2*c**2 - 2. Determine d(q).
-7
Let w(p) be the first derivative of -p**3/3 + 15*p**2/2 - 12*p - 11353. What is w(7)?
44
Suppose 0 = -2*n - 2*n + 8. Let h(u) = -2*u**2 - 3 + 2*u**n + 6*u - 2*u - 3*u**2. Let d be (2/(-16)*4)/(1/(-6)). Give h(d).
-18
Suppose -2*u = 3*j - 21, j + u - 7 = -0*j. Let n(m) be the third derivative of m**5/60 - 5*m**4/12 + m**3/3 + 18*m**2 - 23*m. What is n(j)?
-19
Let k(a) = 4*a + 2*a + 2 - 2*a. Let n = -26676 - -26675. Determine k(n).
-2
Let y(z) = -z**2 - 2*z + 119. Let a = -4245 - -4245. Give y(a).
119
Let j(w) = 2*w + 84. Let m be j(-16). Suppose -5*i - k - 3*k = 62, 4*i + 2*k = -m. Let q(x) = -2*x - 22. Calculate q(i).
6
Suppose -566 = 200*z - 1566. Let j(k) be the second derivative of 0 + 0*k**2 - 1/6*k**3 - 1/12*k**4 - 16*k - 3/5*k**z. Give j(-1).
12
Let l(d) = -1 + 7 + 0*d**2 - d + d**2 - 7*d. Let s(z) = z**2 + z - 4. Let p be s(5). Let q = -21 + p. Calculate l(q).
-9
Let z(k) = -2*k**3 - 5*k**2 + 2*k - 3. Let u be ((-16)/10)/((-10)/(-25)). Give z(u).
37
Let u be 2/(-5)*(1 + -6)*1. Let f(d) be the first derivative of 3*d - 5*d - u*d - d**2 - 19. Calculate f(-5).
6
Let p(l) be the first derivative of 2*l**3/3 + 25*l**2/2 - 5*l - 128. What is p(-11)?
-38
Let p(a) be the first derivative of a**4/4 + 7*a**3/3 - a**2/2 - 5*a + 5. Let f = 69 + -29. Suppose 5*j - b + 36 = 0, 4*j - 14 + f = -2*b. Determine p(j).
2
Let h(n) be the first derivative of 5/2*n**2 + 4 + 0*n. Give h(3).
15
Suppose 3*f + w + 0*w - 8 - 16 = 0, 0 = w. Let k(i) = 4*i**2 - 31*i - 9. Determine k(f).
-1
Let m(z) = -z + 8. Let x be m(5). Let o(c) = 4*c**3 - 7*c**2 - 27*c + 3. Let p(r) = -r**3 + 2*r**2 + 6*r - 1. Let v(u) = 2*o(u) + 9*p(u). Give v(x).
6
Let m(q) be the first derivative of 0*q - 1/3*q**3 - 1/20*q**5 - 3*q**2 + 16 + 1/6*q**4. Let s(v) be the second derivative of m(v). Calculate s(2).
-6
Let s(n) = -118*n**3 + 0 - 13*n**2 + 244*n**3 - 125*n**3 - 5 + 1 + 13*n. What is s(12)?
8
Let r(v) = -24*v**3 + 4*v**2 - 75*v + 168. Let l(y) = -11*y**3 + y**2 - 37*y + 83. Let j(f) = -13*l(f) + 6*r(f). What is j(13)?
-6
Let s(m) be the second derivative of -m**5/60 + m**4/12 - 85*m**3/6 - 132*m. Let i(d) be the second derivative of s(d). Calculate i(1).
0
Let w(t) = -997*t - t**2 + 2972*t - 990*t - 37 - 992*t. Give w(-4).
-25
Suppose -2*x - 1657 = -3*l - 624, -2*l + 5*x = -685. Let s = 339 - l. Let a(j) be the second derivative of j**4/12 + 5*j**3/6 - 2*j**2 + 2*j. Give a(s).
2
Let d(u) = -12*u**3 + 22*u**2 + 38*u + 61. Let o(l) = -67*l**3 + 120*l**2 + 210*l + 335. Let t(c) = -28*d(c) + 5*o(c). Determine t(17).
18
Let t(k) = k + k**2 + 25*k + 6 + 5 - 20 - 8. Calculate t(-25).
-42
Let x(a) be the third derivative of -a**6/120 - a**5/12 - a**3/6 + 46*a**2. Let b(u) = 17*u + 1101. Let q be b(-65). Calculate x(q).
-17
Let a(h) = -h**3 - 20*h**2 + 24*h + 42. Let y = -21694 + 21673. Determine a(y).
-21
Let f(o) = o**2 + 21*o + 39. Let x be f(-19). Let j(i) = i. Let d(v) = -18*v + 1. Let k(z) = x*d(z) + 6*j(z). Determine k(1).
-11
Let p(u) = -u**3 - 12*u**2 - 2*u - 7. Suppose 0 = l + 5*y - 19, 0 = 5*l + 6*y - 8*y - 176. Suppose -5*k - 10 = -4*k + 2*g, 0 = 3*k + 2*g + l. Calculate p(k).
17
Let m(y) = 5*y**2 - 119*y + 188. Let j be m(22). Let g(t) = 4*t**2 + 43*t + 12. Determine g(j).
-18
Let h(b) = -b**3 + 13*b**2 - 6*b + 56. Let y be h(13). Let v(x) = x**3 + 23*x**2 + 21*x - 16. Let k be v(y). Let m(w) = -w - 3. Calculate m(k).
-9
Let z be 3/5 - 7/(-140)*-11252. Let x = 561 + z. Let i(n) = -n**3 + n**2 - n - 1. What is i(x)?
2
Let s be 6/4*(-128)/(-96). Let r(x) = x**3 - 4*x**2 + 1 - s*x**2 - 48*x + 50*x. Give r(2).
-11
Suppose -36 = 351*p - 333*p. Let b(w) be the first derivative of w**4/4 + w**3/3 - w**2/2 + 2*w - 1. Let k be b(p). Let d(c) = -c**2 + c + 4. Give d(k).
4
Let b(x) = -2*x**3 + 2*x**2 + 4*x - 7. Let k = 22739 - 22736. Give b(k).
-31
Suppose -9*b + 15 = -4*b. Suppose b = -0*q + 4*q + k, -3 = -5*q - k. Let v(z) = -z**2 + 48. What is v(q)?
48
Let y(o) = 4*o + 3. Let n be -31*(-7 - 4) - 3. Let w = -341 + n. What is y(w)?
-9
Let f(n) = 3*n - 12. Suppose 5*o = -230 + 250. Suppose p - 24 = -5*b - 3*p, 0 = -o*p + 4. Determine f(b).
0
Let q(l) = 4*l + 0*l + 0*l + 3. Let u be 17/17*-4 - ((-27)/9 + 2). Calculate q(u).
-9
Let x(c) = 3*c - 28. Let z(s) = -10*s + 83. Let p(k) = 8*x(k) + 3*z(k). Suppose 88*m + 236 = 147*m. Let v be p(m). Let q(i) = 13*i. What is q(v)?
13
Let l(w) = -3 - w**2 - 9*w**2 + 5*w + 0*w**2 + 0. Let j(i) = 17*i**2 - 9*i + 6. Let v(x) = 3*j(x) + 5*l(x). Determine v(2).
3
Let s = -1025 - -1020. Let p(r) = r**2 - 5*r + 9. Give p(s).
59
Let w(b) = -114*b + 57*b - 14 - 23 + 55*b. Let i be -1 - 3 - (-53 - -1)/(-4). Give w(i).
-3
Suppose -5*i - 10 = -3*s + 2, -6 = -2*s + 4*i. Suppose 0*n = 4*n - 8. Let t(z) = 21*z + 5 - 10*z - 12*z + n. Give t(s).
-2
Let k be -9 - (41 + -45 + (42/(-3) - 0)). Let c(q) = 22*q - 193. What is c(k)?
5
Let f(s) = -7*s + 66. Let o = 7951 - 7944. Determine f(o).
17
Suppose -2*s = 5*a - 1 - 11, -4*a + 5*s + 3 = 0. Let x(p) = 2*p**2 - 7. What is x(a)?
1
Suppose -5*o = -3*a + 68, -54 = a - 60. Let s(j) = j**2 + 17*j + 24. Calculate s(o).
-46
Let u = -161 + 165. Suppose u*y - 4 = 0, -5*c + 5*y - 10*y + 25 = 0. Let k(a) = -a**3 + 4*a**2 - 4*a - 5. Give k(c).
-21
Let l = -1280 + 1274. Let z(t) = -t**2 + 3*t**2 + 6*t - 3 - t**2 + t**2. What is z(l)?
33
Let g(u) = -u**3 - u**2. Let s(r) = -r**3 - 7*r**2 + 2*r - 1. Let i(x) = 2*g(x) - s(x). Let y be (-1)/((-91)/168) + (-14)/(-91). What is i(y)?
9
Let f(v) = v**3 + 4*v**2 - 2*v. Suppose 5*j - 5*t = -40, -5*j + t - 267 = -243. What is f(j)?
8
Let s(y) = y + 1. Let k(j) = 5*j + 4. Let l = -55 + 56. Let m(a) = l*k(a) - 6*s(a). Let z = 2 + -6. Determine m(z).
2
Let q(y) = -y**3 - 5*y**2 + 5*y - 7. Suppose a = 2*a - 76 + 82. Determine q(a).
-1
Let t(b) = 8275 - 16550 - 12*b + 8277 + 13*b. Let f = 11 + -1. Suppose 0 = -0*n - 2*n - f. Give t(n).
-3
Suppose 0 = -2*d - 4*v - 18, 143*d - 146*d - 3*v - 18 = 0. Let c(z) = -18*z - 18. Give c(d).
36
Let l(a) = a**3 - 12*a**2 + 3. Let c = 8 - -4. Let b be l(c). Let h(j) = 4*j**2 + 4 + j - 2*j